be (3 - 1)*1 + 2. Suppose -3*c - h*f = 2*c - 30, 5*c + 15 = 5*f. What is the units digit of c?
2
Let b(x) = x**2 + 11*x + 7. Let r be b(-4). What is the units digit of (-2)/(-7) - 351/r?
7
Let t be (-6)/21 - 130/(-14). Let b(q) = q**3 - 10*q**2 + 9*q + 4. Let g be b(t). What is the tens digit of (13/2)/(2/g)?
1
Suppose 0*k = -5*k + 3*t + 25, -5 = t. Let o(f) = f - 2. Let v be o(7). Suppose 2*r - 68 = -k*r + 4*m, 0 = r - v*m - 29. What is the tens digit of r?
1
Let r(o) = -16*o - 6. What is the units digit of r(-3)?
2
Suppose 242 = 20*f - 18*f. What is the units digit of f?
1
What is the units digit of 2/6 + 10/15?
1
Suppose -437 = -o - 4*b, -4*o + 6*o = -b + 846. What is the tens digit of o?
2
Let d be 2 + 0 + -1 + 27. Let z = d - 6. What is the units digit of z?
2
Let r(d) = 2*d - 3*d - 5*d**2 - 2 + 5 + 0*d**2. Let w be r(-3). Let s = -20 - w. What is the units digit of s?
9
Suppose 4*i = 122 + 30. What is the units digit of i?
8
What is the tens digit of (-3)/6 - 75/(-6)?
1
Let g(o) = -o**3 + 5*o**2 + 3*o - 5. Let w be -3*(75/9)/(-5). What is the units digit of g(w)?
0
Let f be 3/15 - (-636)/20. Suppose 0*y - f = -2*y. What is the units digit of y?
6
Suppose -3*s + 5*m + 24 = 4, 5*s = -5*m - 20. What is the units digit of (s - 1) + 8 + -3?
4
Let d(w) = -w**2 - 5*w + 7. Suppose 5*k - 25 = 0, -2*v - k = 4*k - 31. Suppose v*q + 7 = -4*i - 0, -3*q = -3*i + 21. What is the units digit of d(q)?
7
Suppose -5*x + 0*x = 30. Let j = x + 6. Suppose j = -5*f + 5. What is the units digit of f?
1
Suppose -w - 8 = -36. Suppose w = r - 0*r. What is the tens digit of r?
2
Let s = -44 + 80. What is the units digit of s?
6
Let m(p) = 16*p + 1. Let x be 1 + (0 - 0)/3. Let j be m(x). Suppose z + 7 = j. What is the tens digit of z?
1
Let c(t) = 7*t - 2. What is the units digit of c(6)?
0
Let s(a) = -2*a**3 - 10*a**2 - 10*a - 4. What is the units digit of s(-6)?
8
Let o(y) = 3*y + 1. Let w(c) = -2*c. Let g(k) = 3*o(k) + 5*w(k). Let r be g(-7). Let x = r + 1. What is the units digit of x?
1
Let v(b) = b**3 - 2*b**2 + 1. Let q be v(3). Let r(y) = y - 9. What is the units digit of r(q)?
1
Suppose -4*q + 4*g = -496, -653 = -4*q + 5*g - 159. What is the units digit of q?
6
Let w(g) = g**3 - 3*g**2 - 6*g - 1. What is the units digit of w(5)?
9
Suppose 1 = -2*x + 3. What is the units digit of x?
1
Let p(d) = 2*d**2 - 26*d + 43. What is the units digit of p(17)?
9
Let z = 83 - 45. Suppose 0 = -5*c + 15, -p - p + z = 4*c. What is the tens digit of p?
1
Let j be (12/30)/(1/5). Suppose -j*b = 2 - 6. What is the units digit of b/(-5) + 34/10?
3
Let k(s) = 6*s**2 - 2*s + 2. What is the units digit of k(-3)?
2
Suppose -5*u - z = 16, 19 = 5*u - 3*z + 51. Let l = u - -6. Suppose -2*s - s = l*r + 2, 19 = 3*r - s. What is the units digit of r?
5
Suppose 0 = -4*y + 8. Let k = y - -1. Suppose -o - k = -4*o. What is the units digit of o?
1
Let s = 389 + -218. What is the units digit of s?
1
Let q(a) = 27*a**3 - 2*a**2 + 1. Let o(h) = -h + 5. Let m be o(4). What is the tens digit of q(m)?
2
Let y(k) = -k**3 + 4. What is the units digit of y(0)?
4
Suppose 4 = 2*y + 2. What is the tens digit of (y/(-3) - 0)*-45?
1
Let p = 27 + -17. Let g = 4 + 13. Let a = g - p. What is the units digit of a?
7
Let r be (-189)/(-4) + 15/20. Let g be ((-6)/(-4))/((-18)/r). Let d = g - -5. What is the units digit of d?
1
Let y(v) = v**3 - 6*v**2 + 4. Suppose 6 = 3*c - 2*c. What is the units digit of y(c)?
4
Suppose -4*m + 2*m + 4 = 0. Suppose i - 3*s = -m*i + 57, -3*s + 48 = 2*i. What is the units digit of i?
1
Let y(v) = v**3 + 5*v**2 + 5*v + 4. Let d be y(-4). Let m be 2/(d + -1) - -16. Suppose -u - 3*p = u + 1, -m = -2*u + 2*p. What is the units digit of u?
4
Let o(f) = f**3 + 5*f**2. Let w be o(-5). Suppose w = 4*m + 2*s - 2, 12 = 2*m - 5*s - 7. Suppose m*y - 9 + 3 = 0. What is the units digit of y?
3
What is the units digit of (-2)/7 + (-3641)/(-77)?
7
Let i = -28 + 72. What is the units digit of (i/6)/((-24)/(-36))?
1
Let k be -4 + 1 - (5 + 3). Let d = 8 - -7. Let o = d + k. What is the units digit of o?
4
Let z = -29 - -209. What is the units digit of z?
0
Let x(c) = c**3 - 3*c**2 + 4*c - 3. Let g be x(3). Let h = 11 + -8. What is the units digit of ((-5)/(-3))/(h/g)?
5
Let q = -2 - -4. Let g(j) = -1 - 7*j + 2 + j**q + 3. What is the units digit of g(7)?
4
Let p be 430/(-9) + (-2)/9. Let i be ((-3)/6)/(4/p). What is the units digit of 2/(i/9) - -2?
5
Suppose 3*j + 8 = 2. Let x = 5 + j. Suppose 0*o - 3*n = x*o - 42, -3*n = 0. What is the tens digit of o?
1
Let s(t) = 30*t - 1. Let c be s(1). Suppose q - 7 = -5*b + 12, b - c = -2*q. What is the tens digit of q?
1
Let u be ((-12)/(-9))/(12/27). Suppose 0 = -u*v + 112 - 28. What is the units digit of v?
8
Suppose -5*n = 4*c + c - 530, c + 3*n - 114 = 0. What is the hundreds digit of c?
1
Let w(f) = -2*f + 13. Let d(v) = v**3 - 4*v**2. Let n be d(3). What is the units digit of w(n)?
1
Let d(x) = x**3 + 2*x**2 - 2*x + 2. What is the units digit of d(3)?
1
Suppose -5*j - 20 = -j. What is the tens digit of j*1*(-5 - 1)?
3
Let s = 9 + -4. Let t(o) = -o**3 + 5*o**2 + o + 3. What is the units digit of t(s)?
8
Let t be -10*((-15)/(-2))/(-3). Suppose 2*j - t = -3*j. What is the units digit of j?
5
Suppose 2*u + 2*w = 0, 4*w + 6 = 3*u - 22. Let m(b) = b**3 - 3*b**2 - b + 3. What is the units digit of m(u)?
5
Let y(g) = 4*g**3 - 8*g**2 - 6*g + 8. Let h(f) = -7*f**3 + 16*f**2 + 13*f - 15. Let j = 3 + -8. Let o(n) = j*y(n) - 3*h(n). What is the units digit of o(9)?
5
Suppose -2*j + 13 = 3*k, j = -j - 2*k + 8. Let w be (-4)/j*(-2 - 0). What is the units digit of 10 + (1 - w)/(-3)?
7
Suppose -5*g = 2*b - 114, b - 8 = 3*g + 27. Let f = 59 + -89. Let t = b + f. What is the units digit of t?
7
Let l be ((-4)/(-2))/(2/105). Let q = -60 + l. What is the units digit of q?
5
Let j = 8 + -6. Suppose 2*g + 4 = 0, 7*r - j*r = -2*g + 31. What is the units digit of r?
7
Let a(d) = -2*d - 8. Let r be a(-6). Let q be r/(-26) + (-67)/(-13). Suppose 4*b = q + 19. What is the units digit of b?
6
Let c(s) = 0 + 6*s - 8 + 3 - 9. What is the tens digit of c(7)?
2
Let q be (-2 - (1 + 2))/(-1). Let x = q + 2. What is the units digit of x?
7
Let p = 93 + -55. What is the tens digit of p?
3
Let f(y) = y**3 - 3*y**2 - 5*y + 1. Let o be f(4). Let w be (-2 + o)*8/(-5). Suppose 3*b - b - w = 0. What is the units digit of b?
4
Let n(o) = 5*o**2 - 4*o + 4. Let g(x) = -11*x**2 + 7*x - 9. Let l(q) = 6*g(q) + 13*n(q). What is the tens digit of l(-8)?
1
Let w be 1 - (0 + 0)/(-3). Suppose -q - 2*p - 2 - w = 0, 5*p + 2 = 3*q. What is the units digit of (-5 + q)*(-8)/6?
8
Let n(c) = 9*c**3 + 2*c**2 + c - 1. What is the tens digit of n(2)?
8
Let x = 9 - 7. What is the units digit of 6 - (1 + -1 - x)?
8
What is the tens digit of 2868/16 + (-2)/8?
7
Let x = 63 + -116. Let l = x + 78. Suppose -l = -f - 4*f. What is the units digit of f?
5
Let r(l) = 5*l**2 + 2*l - 9. What is the units digit of r(3)?
2
Let q(l) = -3*l**3 + 3*l**2 + 5*l - 2. Let j(c) = -4*c**3 + 2*c**2 + 4*c - 3. Let t(w) = -2*j(w) + 3*q(w). Let m = -9 + 15. What is the units digit of t(m)?
6
Let p(t) be the third derivative of 11*t**4/24 - t**3/6 - t**2. Let c be p(2). Suppose -2*u = 2*a - 14, -4*u + 3 = 5*a - c. What is the units digit of u?
1
Suppose 2*w = -w. Let r = 16 - 7. Suppose w*s = -s + r. What is the units digit of s?
9
Let x be (-8)/5*5/(-1). Suppose -r - x = -5*r. Suppose -5*g + r*g = -6. What is the units digit of g?
2
Let f be (-4 + 1)/(3/(-4)). Suppose -4*k + 18 = -2*d, 12 = f*k - 8*d + 4*d. What is the units digit of k?
6
Let d be (-4)/(-22) - 159/(-33). Suppose 42 = -d*p + 172. What is the tens digit of p?
2
Suppose -6 = g + 6. What is the units digit of (-1)/(-4) + (-93)/g?
8
Let v = 8 + -5. Suppose 3*m + v = -3. Let y = 6 + m. What is the units digit of y?
4
Let r(c) = 6*c + 1. Let j be (-2)/(-6) - 12/(-18). Let g be r(j). What is the units digit of (-3 + g)*2/4?
2
Let q(j) be the second derivative of -3*j + 1/12*j**4 + 0 + 1/3*j**3 - 4*j**2. What is the units digit of q(-6)?
6
Suppose 8*a - 100 = 3*a. Suppose 2*f = -2*f + a. Suppose -3*j + j - 5*w = 5, f*j = 4*w + 37. What is the units digit of j?
5
Let t be 744/10 + (-4)/10. Suppose 0*m + 26 = 2*x + 3*m, -3*m + t = 5*x. What is the tens digit of x?
1
Let m = 42 - 24.